 j = p - -15. What is the units digit of j?
1
Let s be -4 - ((-15 - 3) + -1). Suppose 5*o - 2*n = -10, -3*n = 3*o - 0*o - s. Suppose 5*g - 112 - 118 = o. What is the units digit of g?
6
Let v(p) = -70*p + 49. What is the tens digit of v(-7)?
3
Let u(n) = 2*n**2 + 5*n + 4. Let y be u(-4). Let k(w) = w**3 - 15*w**2 - 15*w + 11. Let o be k(y). Let q = 28 - o. What is the units digit of q?
1
Let z = -16 - -26. Suppose -z*n + 536 = -2*n. What is the tens digit of n?
6
Suppose 4*q = -22 - 6. Let u = -5 - q. Suppose 2 + 22 = u*n. What is the tens digit of n?
1
Let y(c) = -14*c + 31. Let d be y(2). Suppose -2 = -2*q + 8. Suppose 5*t + q*f - 110 = 45, 195 = 5*t - d*f. What is the tens digit of t?
3
Let v(u) = -u**3 + 30*u**2 + 11*u - 153. What is the thousands digit of v(29)?
1
Let c(b) = -b**3 - 3*b**2 - b + 3. Let o be c(-4). Suppose -3*q = -o + 14. Suppose -3*h = -j + 34, q*h = -4*j - 0*h + 196. What is the tens digit of j?
4
What is the units digit of -4 - 39*140/(-15)?
0
Let j(c) = c**3 + 10*c**2 + 4*c - 27. What is the units digit of j(-8)?
9
Let v(r) = -r**3 + 5*r**2 - r + 8. Let z be v(4). Let n = 49 - z. What is the tens digit of n?
2
Let g(t) = -t**2 + 8*t - 9. Let z be g(5). Let a(w) = w**2 + 13. Let k be a(z). Suppose -187 = -3*x - k. What is the units digit of x?
6
What is the units digit of (-9555)/(-9) - (-7)/21?
2
Let s be (-4)/7*(-98)/28. Suppose s = h - 1. What is the tens digit of ((-3)/(-2))/(h/26)?
1
Let n be ((-1222)/(-28) + (-3)/21)*2. Let h = 147 - n. What is the units digit of h?
0
Suppose 16*g = 42*g - 37440. What is the units digit of g?
0
Let o(b) = 3*b. Let c be o(1). Let u be 165*((-18)/10 + c). Suppose 29*v - u = 26*v. What is the tens digit of v?
6
Suppose 7734 + 904 = 7*j. What is the tens digit of j?
3
Let z = 29 - 29. Suppose -2*w + z*w = -48. What is the units digit of w?
4
Let h be (-26)/(-10) - (-22)/55. Let y be 4 + (-1)/3*h. What is the units digit of (2/(-6))/((-1)/y)?
1
Let v = -8 - -12. Let z(a) = 4 + 4 - 8 + v*a. What is the tens digit of z(6)?
2
Let c be 2/(-3) - 167/(-3). Suppose -3*b + c = -4*d, -3*d = -d + 2*b + 38. What is the tens digit of (d/(-24))/((-4)/(-186))?
3
Let z = 2 - -5. Let x(g) = 4*g + 1. Let r be x(-3). Let h = z - r. What is the units digit of h?
8
Let s(k) = 3*k**2 + 7*k + 65. Let q(x) = -8*x**2 - 19*x - 194. Let c(v) = -4*q(v) - 11*s(v). Let a be 4 + -2 - 4/2. What is the units digit of c(a)?
1
Let w = 43 - 30. What is the units digit of 1*w/((-13)/(-60))?
0
Let k(y) = y + 5. Let v(s) = -5. Let a(b) = -3*k(b) - 4*v(b). Let r be a(9). Let j = 31 + r. What is the units digit of j?
9
Let o(b) = 7*b**3 + 5*b**2 + 9*b - 6. Let d(g) = 4*g**3 + 3*g**2 + 5*g - 3. Let q(n) = -11*d(n) + 6*o(n). Let l = -235 - -232. What is the units digit of q(l)?
7
Let z(f) = 3*f**2 + 4*f**3 + 3*f + 5 - 4*f**3 - f**3. Let u be (3/(-2))/((-2)/(32/6)). What is the units digit of z(u)?
1
Let n be (-1 - (-1 + 5)) + 2753. Suppose 13*f = f + n. What is the tens digit of f?
2
Let j = 4604 - 2689. What is the thousands digit of j?
1
Let s = 1225 + -786. What is the tens digit of s?
3
Suppose -1463*x - 4176 = -1469*x. What is the tens digit of x?
9
Let k = -155 + 276. What is the hundreds digit of k?
1
Let i = 11 - -9. Let r be ((-4)/7)/(-3*5/105). What is the units digit of (-2)/r*0 + i?
0
Let m(g) = g**2 - 2 - 3 + g + 7*g. Let w(o) = -o**3 - 6*o**2 + o + 21. Let h be w(-5). What is the units digit of m(h)?
4
Let s(k) = 4*k**3 - 24*k**2 - 61*k + 13. What is the units digit of s(12)?
7
Let x be (-2)/(-2) - (3 - 2 - 3). Suppose -2*s = p - 100, p = x*s + 37 + 38. What is the tens digit of p?
9
Let k(b) be the third derivative of b**6/144 - 11*b**5/120 + 5*b**4/12 + 3*b**2. Let h(i) be the second derivative of k(i). What is the units digit of h(15)?
4
Let w(s) = s**2 + 8*s - 17. Let i be w(-10). Suppose -5*z + 4*n + 214 = 0, i*z + n = -n + 146. What is the tens digit of z?
4
Let m(q) = -4*q - 19 - 3*q - 16*q. What is the tens digit of m(-3)?
5
Let g(w) be the third derivative of w**4/24 - w**3/3 - 7*w**2. Let s be g(-3). What is the units digit of (-2 - s)/(27/72)?
8
Suppose -410 = 3*p - o - 0*o, -10 = -5*o. Let u = 259 + p. What is the hundreds digit of u?
1
Let k(g) = -6*g**2 + 2*g + 14. Let u(y) = 5*y**2 - 2*y - 14. Let b(n) = 3*k(n) + 4*u(n). What is the tens digit of b(6)?
4
Let z be (-7)/2 + 1/(-2). Let x = z - 3. What is the tens digit of 19 + (2 - x)/3?
2
Let l = 22 - 20. Suppose 0 = w + l*w - 114. What is the units digit of w?
8
Suppose -3*r - 6 = -4*n, 5*n = -0*n - 5*r + 25. Suppose -2*f + 6*f - 244 = 2*u, n*u + 71 = f. What is the units digit of f?
9
Let p = 4 + 0. Let s be 8/p + 1 - 1. Suppose 4*h - 15 - 3 = -2*n, -2*n - 12 = -s*h. What is the units digit of h?
5
Let m be (-1)/8 - 656/(-128). Suppose -4*f = -4*s - 36, 6*s - s + m = 0. Suppose -f = 2*u - 96. What is the units digit of u?
4
Suppose -4*k - 4*m = -768, 5*m - 12 = 3. Let g = k + -65. What is the hundreds digit of g?
1
Suppose j - 5*j + 260 = d, -2*j - d + 130 = 0. Suppose -j = -3*c - 20. What is the tens digit of c?
1
Let x = 50 + -25. Let w be 6/(-10) + 40/x. Let t = 24 - w. What is the units digit of t?
3
Let d be 0 + 1 + 27/(-1). What is the units digit of (-2119)/d + (-2)/4?
1
Let f(g) = -155*g - 6. What is the units digit of f(-3)?
9
Suppose 3*a + 13 = 19. Suppose 0 = -a*t + 19 + 31. What is the units digit of t?
5
Suppose -l - 1 = 4. Let v be (4/l)/((-10)/25). What is the units digit of v/11 - 306/(-11)?
8
Let l be (-24)/4*(-2)/6. Suppose 0*z = -l*z. Suppose z = 14*d - 13*d - 37. What is the units digit of d?
7
Let t(c) = 21*c + 25. What is the hundreds digit of t(18)?
4
Let z(p) = p**3 - p**2 + 2*p + 91. Let b(a) = a. Let x(q) = b(q) - z(q). Let v be x(0). Let s = 128 + v. What is the units digit of s?
7
Let g(c) = 11*c + 18. Suppose 0 = -4*u + 7*u - 12. What is the units digit of g(u)?
2
Let j(m) = -2*m**2 + 19*m + 12. Let f be j(10). Let w(i) = 21*i**2 - 1. What is the tens digit of w(f)?
8
Let h(t) = 5*t + 60. Let i be h(-24). Let m = i - -133. What is the tens digit of m?
7
Suppose 1135 = 4*f + f. Let v = f + -157. What is the tens digit of v?
7
Suppose -107 - 205 = -6*t. Let n = t + -4. What is the units digit of n?
8
Suppose 4*q = 39 - 11. Let w(r) = r**3 - 5*r**2 - 9*r + 5. What is the tens digit of w(q)?
4
Suppose -18486 = -51*y + 46*y - 4*b, -b = 1. What is the units digit of y?
8
Suppose -3*d + 2 = -7. Suppose -3*j + 9 = 0, 2*l + d*l = 2*j - 276. Let o = 92 + l. What is the tens digit of o?
3
Suppose -2*z + 409 = -2939. What is the tens digit of z?
7
Let y(v) = 2*v**3 + 1. Let z be y(1). What is the tens digit of 1/((-3)/(-29*z))?
2
Let t(p) = -3*p**3 + 3*p - 5. Let u(q) = -q**3 + q - 2. Let d(y) = 2*t(y) - 5*u(y). Let k be d(0). Suppose 3*i - 39 = -k*i. What is the tens digit of i?
1
What is the hundreds digit of ((-12)/9 + 1)/(1/(-7542))?
5
Let b(i) = 3*i + 5. Let o be b(-3). Let j be o*((-9)/6)/1. Suppose g - j*g + 220 = 0. What is the tens digit of g?
4
What is the units digit of 210/((-4 + 14)/5)?
5
Let h be (5/(-10))/(1/12). Let i = h + 24. Let w = i - 16. What is the units digit of w?
2
Let j(f) = -27*f - 57. What is the units digit of j(-20)?
3
Let u = -1188 - -1714. Let n = u + -205. What is the units digit of n?
1
Suppose -59*z + 11884 = -37735. What is the hundreds digit of z?
8
Let d = -3993 + 8482. What is the hundreds digit of d?
4
Suppose 0 = 2*b + 2*b - 136. Let z = b + -14. Suppose 0 = 4*t - 3*p - z, -18 = -3*p - 6. What is the units digit of t?
8
Suppose p = 1560 - 208. Suppose 4*v - p = -252. What is the tens digit of v?
7
Let x = -16 - -12. Let r be (-4)/(-8) + 2/x. What is the units digit of r - -1 - (2 - 3)?
2
Let g = 207 - -81. What is the hundreds digit of g?
2
Let h be (-5)/(-5) - 7*-1. Suppose -7*f + 7 = -0*f. Let o = h - f. What is the units digit of o?
7
Suppose 6*k = k - 4*y + 2236, 0 = -k - 5*y + 443. Suppose q + k = 5*q. What is the units digit of q?
2
Let z(m) = 8*m + 39. Let g be z(-13). Let n = 142 + g. What is the units digit of n?
7
Suppose -2*u + 2 = b - 0*b, 0 = 3*u - 2*b - 17. Suppose -u*v + 183 = 3*k, -4*k + 65 + 179 = v. What is the units digit of k?
1
Let p(x) = -12*x**3 - x + 1. Let f be p(1). Let i = -9 - f. Suppose 26 = i*v - 130. What is the tens digit of v?
5
Suppose -3*r - 5 = -p -